are the prime factors of c?
2, 103
Suppose a + 1 - 41 = 0. Let z = a - 6. List the prime factors of z.
2, 17
Let q = -13 + 16. Suppose 2*a - 3*j - 22 = 0, -2*a = -q*j - 2*j - 26. What are the prime factors of 3*-6*a/(-18)?
2
Suppose 0 = -4*k + 2*s + 15 - 3, -3*k + s = -11. Suppose 5*m + 20 = 0, -4*o + k*m + 32 = -2*o. What are the prime factors of (o*-1 + 4)*-5?
2, 5
Let p = 196 - 99. Let w = 111 - p. List the prime factors of w.
2, 7
Let m = 51 - 47. Let q(s) = s**3 - s**2 + 2*s - 5. List the prime factors of q(m).
3, 17
Suppose -192 = -5*q - o, -q - 2*q + 132 = -5*o. What are the prime factors of q?
3, 13
Let b(g) be the second derivative of -1/6*g**4 + 3/2*g**2 - 1/6*g**3 + 0 + 11*g. What are the prime factors of b(0)?
3
Suppose 11 = -5*r - 54. Let h = 15 + r. Let w = 8 + h. List the prime factors of w.
2, 5
Let p be 6/10 - (-1353)/(-55). Let x = 24 + p. Suppose -2*n - 3*n + 210 = 5*z, 2*z - n - 75 = x. List the prime factors of z.
3, 13
Let i = 1343 + 170. List the prime factors of i.
17, 89
Let h(s) = 51*s + 21. Let y(o) = -77*o - 32. Let t(k) = 8*h(k) + 5*y(k). What are the prime factors of t(1)?
31
Let o(j) be the first derivative of -j**4/4 - 10*j**3/3 + 12*j**2 + 2*j + 16. List the prime factors of o(-12).
2
Let u(m) be the first derivative of -m**4/4 + 8*m**3/3 - m**2/2 - 4*m - 6. What are the prime factors of u(7)?
2, 19
Let q(i) = -i**3 + 1. Let t(c) = -9*c**2 - 10*c - 2. Let k(r) = -q(r) - t(r). Let w be k(-8). List the prime factors of (-6 - -7) + (1 - w).
17
Let b(f) = -10*f - 4*f**2 + 3*f**2 + 23 - 22 - f**3 + f + 7*f. Let n be (1 - 4 - -1) + -1. What are the prime factors of b(n)?
5
Let t(q) = 3*q**2 - 22*q - 50. What are the prime factors of t(17)?
443
Suppose -l + 2*y + 130 = 0, -3*l + 3*y - y = -410. Suppose -4*i - 4*j = i - 694, -l = -i - 2*j. What are the prime factors of i?
2, 3, 23
Let i be (-1)/(1 + 5/(-4)). Suppose o - 2 = -i. What are the prime factors of ((-4)/(-12))/(o/(-222))?
37
Suppose -294*c = -298*c + 12180. List the prime factors of c.
3, 5, 7, 29
Let l(i) = i**3 - 10*i**2 + i - 2. Let k be l(10). Let z = k + -23. Let g = z + 29. List the prime factors of g.
2, 7
Let a(p) = p**3 - 2*p**2 - 104*p + 38. List the prime factors of a(20).
2, 2579
Let u(g) = g**3 - 10*g + 9*g**2 - 2 + 4 + 3 - 3. Let l be u(-10). Suppose -24 = -0*x - l*x. List the prime factors of x.
2, 3
Let z = 119 - 66. Suppose 58*c - z*c = 170. List the prime factors of c.
2, 17
Suppose 3340 = 5*m - 5*i, 0*m + 5*m + 2*i = 3347. Suppose 0 = 4*j - 4*v - 672, -3*j + m = j - 5*v. List the prime factors of j.
3, 19
Let z(x) = 6*x + 16. Let n(m) = m - 1. Let j(r) = -3*n(r) - z(r). Let i be j(-3). What are the prime factors of 1014/i + 18/(-42)?
2, 3
Suppose -5*p - 313 = -4*i + 185, 0 = -2*i - 6. What are the prime factors of (9/(-6))/(9/p)?
17
Suppose -3*y + 5*b + 125 = 0, -y + 33 - 6 = 2*b. Suppose v + v = -2*g + 12, 4*g + 2*v = 18. Suppose g*z + y - 119 = 0. What are the prime factors of z?
2, 7
Let s(d) be the third derivative of -d**5/30 - 11*d**4/6 - 2*d**3 + 28*d**2. What are the prime factors of s(-19)?
2, 3, 17
Suppose -4*x - 3*m - 124 = -1663, -771 = -2*x - 3*m. List the prime factors of x.
2, 3
Suppose 5*l - 4 - 11 = 0. Suppose 2*u = -5*y + 37, l*u = -5*y + 2*y + 33. What are the prime factors of u?
2, 3
Let v(i) = i**3 - 7*i**2 + 2*i - 1. Suppose -3*q - 2*q = -55. Let x = 18 - q. List the prime factors of v(x).
13
Let n be 1 + (-4 - -3 - 0). Suppose 5*v - 5 = n, 4*u + 3*v + 35 = 658. What are the prime factors of u?
5, 31
Let v = 563 - 577. Let m(s) = 0*s**2 - 3 + 1 - 15*s - s**2. What are the prime factors of m(v)?
2, 3
Let h(p) = p + 3. Let x be h(-1). Let r(l) = 8*l**x + 2 - 3*l - l**3 + 2 + 0*l**2 - 1. What are the prime factors of r(4)?
5, 11
Suppose 56*o = -t + 51*o + 3103, -4*t - o = -12431. What are the prime factors of t?
2, 3, 7, 37
Suppose 0*m = 5*m - 20. Suppose 5*l - 4 = m*l. List the prime factors of l.
2
Suppose -8*d = 7*d - 21225. List the prime factors of d.
5, 283
Let o(j) be the third derivative of -j**6/120 - j**5/15 + 7*j**4/24 + 3*j**3/2 - 17*j**2. What are the prime factors of o(-7)?
107
Let g(d) = 11*d**2 + 5*d + 50. List the prime factors of g(-7).
2, 277
Let b(x) = -312*x - 84. What are the prime factors of b(-3)?
2, 3, 71
Let j(z) = 4*z**3 + 5*z**2 - 3*z - 3. Let f(m) = -8*m**3 - 9*m**2 + 6*m + 5. Let l(r) = -3*f(r) - 5*j(r). What are the prime factors of l(2)?
2, 17
Let v = 52 + -34. Let n = v + 17. List the prime factors of n.
5, 7
Suppose -3*q - 328 + 27 = -5*o, -4*o + q = -245. Let j = o + -34. Let y = j + -15. List the prime factors of y.
13
Let p(n) = 290*n - 11. What are the prime factors of p(2)?
569
Suppose -2*j - 2*j + 72 = 0. Suppose 12 = n - j. Suppose -2*l + 3*l = n. What are the prime factors of l?
2, 3, 5
Suppose 4*q - 16 = 0, i - 454 = -3*q + 818. List the prime factors of i.
2, 3, 5, 7
Let o(m) = 23*m**2 + 130*m + 22. List the prime factors of o(-16).
2, 5, 383
Suppose 2*i = 0, -5 = -4*o + 3*i + 15. Suppose 4*s = o*v + 674, -2*s + 519 = s + 3*v. Suppose -5*a + s = x - 5*x, 0 = 5*x - 5. What are the prime factors of a?
5, 7
Let j(g) = -2*g - 25. Let h be j(5). List the prime factors of ((-60)/h)/((-6)/(-357)).
2, 3, 17
Let h be (3/2)/(9/(-54)). List the prime factors of (-177)/(-9) - (-6)/h.
19
List the prime factors of ((-145)/15 - -10)/(1/4467).
1489
Let o(p) = 54*p**3 - 2*p**2 + 1. Let j(a) = -a**2 + 1. Let r be j(0). Let b be o(r). Let h = 92 - b. List the prime factors of h.
3, 13
Let b(u) = -u**3 - u**2 + 3*u - 4. Let k be b(-4). Suppose 9 = 2*o - 9. Let v = k - o. What are the prime factors of v?
23
Suppose -z - 86*i = -88*i - 2682, -2*z = -5*i - 5363. List the prime factors of z.
2, 11, 61
Let d(w) = 8*w - 15. Let g(u) = -u - 7. Let n be g(-14). List the prime factors of d(n).
41
Suppose 5*t + 5*o - 587 + 132 = 0, o - 187 = -2*t. Let q = t + -62. List the prime factors of q.
2, 17
Let y = 286 + -195. Let n be (2/(-7))/((-1)/y). What are the prime factors of (n - 12/4)*3?
3, 23
Let t(n) = -n**2 + 11*n - 4. Suppose 0 = -6*q + q + 55. Let p be t(q). List the prime factors of (-10)/p*(-168)/(-30).
2, 7
Let h(u) = -u**3 - 10*u**2 - 4 - 2 + 1 - 3*u + u**2. List the prime factors of h(-9).
2, 11
Let q be 2/8 + 21/12. Suppose q*h = -2*h + 12. Suppose -3*t = -7*a + 2*a - 118, 0 = 4*t - h*a - 150. List the prime factors of t.
2, 3
List the prime factors of 27/(-4)*(-29952)/216.
2, 3, 13
Let m be (-117)/(-6)*2/3. Let d(k) = -k**2 - 41*k - 315. Let o be d(-10). Let g = o + m. List the prime factors of g.
2
Let d = -616 - -1691. List the prime factors of d.
5, 43
Suppose -3*x + 3*o = 15, -3*x + 4*o = -2*x + 2. Let n = x - -92. List the prime factors of n.
2, 43
Let h = 68 - 30. Suppose 3*c = 3*s - 66, 4*c = 2*s - 0*s - h. Let p = s - 22. List the prime factors of p.
3
Let k(s) = s**2 + 2*s - 4. Let f = 2 + -6. List the prime factors of k(f).
2
List the prime factors of 16/(-120) - 18334/(-30).
13, 47
Let k = 14 + -18. Let y = k + 26. What are the prime factors of y?
2, 11
Let w = -20 + 13. Let k be (w/4)/((-4)/(-16)). Let d = k + 12. What are the prime factors of d?
5
Let c(v) = 3*v - 18. Let w be c(6). Let a(l) = l**2 + 113. What are the prime factors of a(w)?
113
Let i be 2/(-4) - 799/(-34). Let v = 4 - i. Let g = 70 + v. List the prime factors of g.
3, 17
Let r = -44 + 47. Suppose 2*p - r*z - 14 = 56, 5*p - 3*z = 193. What are the prime factors of p?
41
Let r(h) = 228*h + 9. List the prime factors of r(2).
3, 5, 31
Suppose 7*p - 1399 = 428. Let n = p - 175. What are the prime factors of n?
2, 43
Suppose 4*q + 5*c - 111 = 0, 2*q + 0*q = 5*c + 33. List the prime factors of 5/((15/q)/5).
2, 5
Let b(p) = -p + 10. Let w be b(10). Suppose 3*q + 0*q = w. Suppose 5*g - 37 = 3*s + 3, 5*g + 3*s - 40 = q. What are the prime factors of g?
2
Let r be (-24)/(-16)*20/6. What are the prime factors of 6/(-18) + ((-7260)/(-9))/r?
7, 23
Suppose 2*z - 5*o = -11, -3*o = -z + 4*z + 6. What are the prime factors of ((-4)/z)/((-1)/(-33))?
2, 11
List the prime factors of (-18472)/(-10) - 4/20.
1847
Suppose 3 = -15*h + 16*h. Suppose -h*u + 4*u = -3*j + 150, u = j + 154. What are the prime factors of u?
3, 17
Let z(u) = 57*u - 5. Let g be z(3). Suppose 46 + g = 4*c. List the prime factors of c.
53
Let q = 10 - -5. Suppose